{"id":196,"date":"2020-09-11T12:21:33","date_gmt":"2020-09-11T12:21:33","guid":{"rendered":"https:\/\/stockholm89.qodeinteractive.com\/?page_id=16"},"modified":"2022-02-24T13:38:00","modified_gmt":"2022-02-24T13:38:00","slug":"contact","status":"publish","type":"page","link":"http:\/\/www.chrisk.fi\/index.php\/contact\/","title":{"rendered":"Yhteystiedot"},"content":{"rendered":"\t\t<div data-elementor-type=\"wp-page\" data-elementor-id=\"196\" class=\"elementor elementor-196\" data-elementor-settings=\"[]\">\n\t\t\t\t\t\t\t<div class=\"elementor-section-wrap\">\n\t\t\t\t\t\t\t<section class=\"elementor-section elementor-top-section elementor-element elementor-element-f27089e elementor-section-boxed elementor-section-height-default elementor-section-height-default parallax_section_no qode_elementor_container_no qode-content-aligment-left\" data-id=\"f27089e\" data-element_type=\"section\">\n\t\t\t\t\t\t<div class=\"elementor-container elementor-column-gap-default\">\n\t\t\t\t\t<div class=\"elementor-column elementor-col-50 elementor-top-column elementor-element elementor-element-4677b47\" data-id=\"4677b47\" data-element_type=\"column\">\n\t\t\t<div class=\"elementor-widget-wrap elementor-element-populated\">\n\t\t\t\t\t\t\t\t<div class=\"elementor-element elementor-element-7ffb134 elementor-widget elementor-widget-image\" data-id=\"7ffb134\" data-element_type=\"widget\" data-widget_type=\"image.default\">\n\t\t\t\t<div class=\"elementor-widget-container\">\n\t\t\t<style>\/*! elementor - v3.5.5 - 03-02-2022 *\/\n.elementor-widget-image{text-align:center}.elementor-widget-image a{display:inline-block}.elementor-widget-image a img[src$=\".svg\"]{width:48px}.elementor-widget-image img{vertical-align:middle;display:inline-block}<\/style>\t\t\t\t\t\t\t\t\t\t\t\t<img width=\"1024\" height=\"683\" src=\"http:\/\/www.chrisk.fi\/wp-content\/uploads\/2022\/01\/ChrisK-valokuvaus-1024x683.jpg\" class=\"attachment-large size-large\" alt=\"ChrisK-valokuvaus\" loading=\"lazy\" srcset=\"http:\/\/www.chrisk.fi\/wp-content\/uploads\/2022\/01\/ChrisK-valokuvaus-1024x683.jpg 1024w, http:\/\/www.chrisk.fi\/wp-content\/uploads\/2022\/01\/ChrisK-valokuvaus-300x200.jpg 300w, http:\/\/www.chrisk.fi\/wp-content\/uploads\/2022\/01\/ChrisK-valokuvaus-768x512.jpg 768w, http:\/\/www.chrisk.fi\/wp-content\/uploads\/2022\/01\/ChrisK-valokuvaus-700x467.jpg 700w, http:\/\/www.chrisk.fi\/wp-content\/uploads\/2022\/01\/ChrisK-valokuvaus-1100x734.jpg 1100w, http:\/\/www.chrisk.fi\/wp-content\/uploads\/2022\/01\/ChrisK-valokuvaus.jpg 1303w\" sizes=\"(max-width: 1024px) 100vw, 1024px\" \/>\t\t\t\t\t\t\t\t\t\t\t\t\t\t\t<\/div>\n\t\t\t\t<\/div>\n\t\t\t\t\t<\/div>\n\t\t<\/div>\n\t\t\t\t<div class=\"elementor-column elementor-col-50 elementor-top-column elementor-element elementor-element-ce52e4f\" data-id=\"ce52e4f\" data-element_type=\"column\">\n\t\t\t<div class=\"elementor-widget-wrap elementor-element-populated\">\n\t\t\t\t\t\t\t\t<div class=\"elementor-element elementor-element-afe8a6e elementor-widget elementor-widget-text-editor\" data-id=\"afe8a6e\" data-element_type=\"widget\" data-widget_type=\"text-editor.default\">\n\t\t\t\t<div class=\"elementor-widget-container\">\n\t\t\t<style>\/*! elementor - v3.5.5 - 03-02-2022 *\/\n.elementor-widget-text-editor.elementor-drop-cap-view-stacked .elementor-drop-cap{background-color:#818a91;color:#fff}.elementor-widget-text-editor.elementor-drop-cap-view-framed .elementor-drop-cap{color:#818a91;border:3px solid;background-color:transparent}.elementor-widget-text-editor:not(.elementor-drop-cap-view-default) .elementor-drop-cap{margin-top:8px}.elementor-widget-text-editor:not(.elementor-drop-cap-view-default) .elementor-drop-cap-letter{width:1em;height:1em}.elementor-widget-text-editor .elementor-drop-cap{float:left;text-align:center;line-height:1;font-size:50px}.elementor-widget-text-editor .elementor-drop-cap-letter{display:inline-block}<\/style>\t\t\t\t<h1>Tehd\u00e4\u00e4nk\u00f6 yhteisty\u00f6t\u00e4? <\/h1>\t\t\t\t\t\t<\/div>\n\t\t\t\t<\/div>\n\t\t\t\t<div class=\"elementor-element elementor-element-689a956 elementor-widget elementor-widget-qode_google_map\" data-id=\"689a956\" data-element_type=\"widget\" data-widget_type=\"qode_google_map.default\">\n\t\t\t\t<div class=\"elementor-widget-container\">\n\t\t\t<div class=\"qode-google-map-holder\">\n\t<div class=\"qode-google-map\" id=\"qode-map-1645395\" data-addresses='[\"Finland\",\"03600 Karkkila\"]' data-custom-map-style= data-color-overlay=#393939 data-saturation=-100 data-lightness=-60 data-zoom=12 data-pin=http:\/\/www.chrisk.fi\/wp-content\/uploads\/2020\/09\/map-pin.png data-unique-id=1645395 data-scroll-wheel=yes data-height=960 data-predefined-style=yes ><\/div>\n\t    <\/div>\t\t<\/div>\n\t\t\t\t<\/div>\n\t\t\t\t<div class=\"elementor-element elementor-element-a73fd19 elementor-widget elementor-widget-text-editor\" data-id=\"a73fd19\" data-element_type=\"widget\" data-widget_type=\"text-editor.default\">\n\t\t\t\t<div class=\"elementor-widget-container\">\n\t\t\t\t\t\t\t<p>Kuvaan p\u00e4\u00e4s\u00e4\u00e4nt\u00f6isesti Uudenmaan alueella eri lokaatioissa, asiakkaitteni tiloissa sek\u00e4 omassa studiossani. Kerro miten voin olla avuksi. Soita, meilaa, tai ota yhteytt\u00e4 lomakkeen kautta.<\/p><h5>\u00a0<\/h5><h5><span class=\"s1\">Chris@chrisk.fi<\/span><\/h5><h5>+358 50 581 2425<\/h5><p>\u00a0<\/p><p>\u00a0<\/p>\t\t\t\t\t\t<\/div>\n\t\t\t\t<\/div>\n\t\t\t\t<div class=\"elementor-element elementor-element-09bf100 elementor-widget elementor-widget-stockholm_cf_7\" data-id=\"09bf100\" data-element_type=\"widget\" data-widget_type=\"stockholm_cf_7.default\">\n\t\t\t\t<div class=\"elementor-widget-container\">\n\t\t\t    <div class=\"qode-contact-form-7 qode-contact-form-7-0\">\n    <div role=\"form\" class=\"wpcf7\" id=\"wpcf7-f6-o1\" lang=\"en-US\" dir=\"ltr\">\n<div class=\"screen-reader-response\"><p role=\"status\" aria-live=\"polite\" aria-atomic=\"true\"><\/p> <ul><\/ul><\/div>\n<form action=\"\/index.php\/wp-json\/wp\/v2\/pages\/196#wpcf7-f6-o1\" method=\"post\" class=\"wpcf7-form init cf7_custom_style_1\" novalidate=\"novalidate\" data-status=\"init\">\n<div style=\"display: none;\">\n<input type=\"hidden\" name=\"_wpcf7\" value=\"6\" \/>\n<input type=\"hidden\" name=\"_wpcf7_version\" value=\"5.5.6\" \/>\n<input type=\"hidden\" name=\"_wpcf7_locale\" value=\"en_US\" \/>\n<input type=\"hidden\" name=\"_wpcf7_unit_tag\" value=\"wpcf7-f6-o1\" \/>\n<input type=\"hidden\" name=\"_wpcf7_container_post\" value=\"0\" \/>\n<input type=\"hidden\" name=\"_wpcf7_posted_data_hash\" value=\"\" \/>\n<\/div>\n<label> Nimi *\n    <span class=\"wpcf7-form-control-wrap your-name\"><input type=\"text\" name=\"your-name\" value=\"\" size=\"40\" class=\"wpcf7-form-control wpcf7-text wpcf7-validates-as-required\" aria-required=\"true\" aria-invalid=\"false\" \/><\/span> <\/label>\n\n<label> Email *\n    <span class=\"wpcf7-form-control-wrap your-email\"><input type=\"email\" name=\"your-email\" value=\"\" size=\"40\" class=\"wpcf7-form-control wpcf7-text wpcf7-email wpcf7-validates-as-required wpcf7-validates-as-email\" aria-required=\"true\" aria-invalid=\"false\" \/><\/span> <\/label>\n\n<label> Aihe\n    <span class=\"wpcf7-form-control-wrap your-subject\"><input type=\"text\" name=\"your-subject\" value=\"\" size=\"40\" class=\"wpcf7-form-control wpcf7-text\" aria-invalid=\"false\" \/><\/span> <\/label>\n\n<label> Viesti\n    <span class=\"wpcf7-form-control-wrap your-message\"><textarea name=\"your-message\" cols=\"40\" rows=\"10\" class=\"wpcf7-form-control wpcf7-textarea\" aria-invalid=\"false\"><\/textarea><\/span> <\/label>\n\n<input type=\"submit\" value=\"L\u00e4het\u00e4\" class=\"wpcf7-form-control has-spinner wpcf7-submit\" \/><div class=\"wpcf7-response-output\" aria-hidden=\"true\"><\/div><\/form><\/div>    <\/div>\n\t\t<\/div>\n\t\t\t\t<\/div>\n\t\t\t\t\t<\/div>\n\t\t<\/div>\n\t\t\t\t\t\t\t<\/div>\n\t\t<\/section>\n\t\t\t\t\t\t<\/div>\n\t\t\t\t\t<\/div>\n\t\t","protected":false},"excerpt":{"rendered":"<p>Tehd\u00e4\u00e4nk\u00f6 yhteisty\u00f6t\u00e4? Kuvaan p\u00e4\u00e4s\u00e4\u00e4nt\u00f6isesti Uudenmaan alueella eri lokaatioissa, asiakkaitteni tiloissa sek\u00e4 omassa studiossani. Kerro miten voin olla avuksi. Soita, meilaa, tai ota yhteytt\u00e4 lomakkeen kautta. \u00a0 Chris@chrisk.fi +358 50 581 2425 \u00a0 \u00a0 Nimi * Email * Aihe Viesti<\/p>\n","protected":false},"author":1,"featured_media":0,"parent":0,"menu_order":0,"comment_status":"closed","ping_status":"closed","template":"","meta":[],"yoast_head":"<!-- This site is optimized with the Yoast SEO plugin v18.2 - https:\/\/yoast.com\/wordpress\/plugins\/seo\/ -->\n<title>Yhteystiedot - Chris K<\/title>\n<meta name=\"description\" content=\"Valokuvaaja Chris K. Valokuvaan Uudenmaan alueella eri lokaatioissa, asiakkaitteni tiloissa sek\u00e4 omassa studiossani.\" \/>\n<meta name=\"robots\" content=\"index, follow, max-snippet:-1, max-image-preview:large, max-video-preview:-1\" \/>\n<link rel=\"canonical\" href=\"http:\/\/www.chrisk.fi\/index.php\/contact\/\" \/>\n<meta property=\"og:locale\" content=\"fi_FI\" \/>\n<meta property=\"og:type\" content=\"article\" \/>\n<meta property=\"og:title\" content=\"Yhteystiedot - Chris K\" \/>\n<meta property=\"og:description\" content=\"Valokuvaaja Chris K. Valokuvaan Uudenmaan alueella eri lokaatioissa, asiakkaitteni tiloissa sek\u00e4 omassa studiossani.\" \/>\n<meta property=\"og:url\" content=\"http:\/\/www.chrisk.fi\/index.php\/contact\/\" \/>\n<meta property=\"og:site_name\" content=\"Chris K\" \/>\n<meta property=\"article:modified_time\" content=\"2022-02-24T13:38:00+00:00\" \/>\n<meta property=\"og:image\" content=\"http:\/\/www.chrisk.fi\/wp-content\/uploads\/2022\/01\/ChrisK-valokuvaus-1024x683.jpg\" \/>\n<meta name=\"twitter:card\" content=\"summary_large_image\" \/>\n<meta name=\"twitter:label1\" content=\"Arvioitu lukuaika\" \/>\n\t<meta name=\"twitter:data1\" content=\"1 minuutti\" \/>\n<script type=\"application\/ld+json\" class=\"yoast-schema-graph\">{\"@context\":\"https:\/\/schema.org\",\"@graph\":[{\"@type\":\"WebSite\",\"@id\":\"http:\/\/www.chrisk.fi\/#website\",\"url\":\"http:\/\/www.chrisk.fi\/\",\"name\":\"Chris K\",\"description\":\"Valokuvaaja Uudeltamaalta\",\"potentialAction\":[{\"@type\":\"SearchAction\",\"target\":{\"@type\":\"EntryPoint\",\"urlTemplate\":\"http:\/\/www.chrisk.fi\/?s={search_term_string}\"},\"query-input\":\"required name=search_term_string\"}],\"inLanguage\":\"fi\"},{\"@type\":\"ImageObject\",\"@id\":\"http:\/\/www.chrisk.fi\/index.php\/contact\/#primaryimage\",\"inLanguage\":\"fi\",\"url\":\"http:\/\/www.chrisk.fi\/wp-content\/uploads\/2022\/01\/ChrisK-valokuvaus.jpg\",\"contentUrl\":\"http:\/\/www.chrisk.fi\/wp-content\/uploads\/2022\/01\/ChrisK-valokuvaus.jpg\",\"width\":1303,\"height\":869,\"caption\":\"ChrisK-valokuvaus\"},{\"@type\":\"WebPage\",\"@id\":\"http:\/\/www.chrisk.fi\/index.php\/contact\/#webpage\",\"url\":\"http:\/\/www.chrisk.fi\/index.php\/contact\/\",\"name\":\"Yhteystiedot - Chris K\",\"isPartOf\":{\"@id\":\"http:\/\/www.chrisk.fi\/#website\"},\"primaryImageOfPage\":{\"@id\":\"http:\/\/www.chrisk.fi\/index.php\/contact\/#primaryimage\"},\"datePublished\":\"2020-09-11T12:21:33+00:00\",\"dateModified\":\"2022-02-24T13:38:00+00:00\",\"description\":\"Valokuvaaja Chris K. Valokuvaan Uudenmaan alueella eri lokaatioissa, asiakkaitteni tiloissa sek\u00e4 omassa studiossani.\",\"breadcrumb\":{\"@id\":\"http:\/\/www.chrisk.fi\/index.php\/contact\/#breadcrumb\"},\"inLanguage\":\"fi\",\"potentialAction\":[{\"@type\":\"ReadAction\",\"target\":[\"http:\/\/www.chrisk.fi\/index.php\/contact\/\"]}]},{\"@type\":\"BreadcrumbList\",\"@id\":\"http:\/\/www.chrisk.fi\/index.php\/contact\/#breadcrumb\",\"itemListElement\":[{\"@type\":\"ListItem\",\"position\":1,\"name\":\"Etusivu\",\"item\":\"http:\/\/www.chrisk.fi\/\"},{\"@type\":\"ListItem\",\"position\":2,\"name\":\"Yhteystiedot\"}]}]}<\/script>\n<!-- \/ Yoast SEO plugin. -->","yoast_head_json":{"title":"Yhteystiedot - Chris K","description":"Valokuvaaja Chris K. Valokuvaan Uudenmaan alueella eri lokaatioissa, asiakkaitteni tiloissa sek\u00e4 omassa studiossani.","robots":{"index":"index","follow":"follow","max-snippet":"max-snippet:-1","max-image-preview":"max-image-preview:large","max-video-preview":"max-video-preview:-1"},"canonical":"http:\/\/www.chrisk.fi\/index.php\/contact\/","og_locale":"fi_FI","og_type":"article","og_title":"Yhteystiedot - Chris K","og_description":"Valokuvaaja Chris K. Valokuvaan Uudenmaan alueella eri lokaatioissa, asiakkaitteni tiloissa sek\u00e4 omassa studiossani.","og_url":"http:\/\/www.chrisk.fi\/index.php\/contact\/","og_site_name":"Chris K","article_modified_time":"2022-02-24T13:38:00+00:00","og_image":[{"url":"http:\/\/www.chrisk.fi\/wp-content\/uploads\/2022\/01\/ChrisK-valokuvaus-1024x683.jpg"}],"twitter_card":"summary_large_image","twitter_misc":{"Arvioitu lukuaika":"1 minuutti"},"schema":{"@context":"https:\/\/schema.org","@graph":[{"@type":"WebSite","@id":"http:\/\/www.chrisk.fi\/#website","url":"http:\/\/www.chrisk.fi\/","name":"Chris K","description":"Valokuvaaja Uudeltamaalta","potentialAction":[{"@type":"SearchAction","target":{"@type":"EntryPoint","urlTemplate":"http:\/\/www.chrisk.fi\/?s={search_term_string}"},"query-input":"required name=search_term_string"}],"inLanguage":"fi"},{"@type":"ImageObject","@id":"http:\/\/www.chrisk.fi\/index.php\/contact\/#primaryimage","inLanguage":"fi","url":"http:\/\/www.chrisk.fi\/wp-content\/uploads\/2022\/01\/ChrisK-valokuvaus.jpg","contentUrl":"http:\/\/www.chrisk.fi\/wp-content\/uploads\/2022\/01\/ChrisK-valokuvaus.jpg","width":1303,"height":869,"caption":"ChrisK-valokuvaus"},{"@type":"WebPage","@id":"http:\/\/www.chrisk.fi\/index.php\/contact\/#webpage","url":"http:\/\/www.chrisk.fi\/index.php\/contact\/","name":"Yhteystiedot - Chris K","isPartOf":{"@id":"http:\/\/www.chrisk.fi\/#website"},"primaryImageOfPage":{"@id":"http:\/\/www.chrisk.fi\/index.php\/contact\/#primaryimage"},"datePublished":"2020-09-11T12:21:33+00:00","dateModified":"2022-02-24T13:38:00+00:00","description":"Valokuvaaja Chris K. Valokuvaan Uudenmaan alueella eri lokaatioissa, asiakkaitteni tiloissa sek\u00e4 omassa studiossani.","breadcrumb":{"@id":"http:\/\/www.chrisk.fi\/index.php\/contact\/#breadcrumb"},"inLanguage":"fi","potentialAction":[{"@type":"ReadAction","target":["http:\/\/www.chrisk.fi\/index.php\/contact\/"]}]},{"@type":"BreadcrumbList","@id":"http:\/\/www.chrisk.fi\/index.php\/contact\/#breadcrumb","itemListElement":[{"@type":"ListItem","position":1,"name":"Etusivu","item":"http:\/\/www.chrisk.fi\/"},{"@type":"ListItem","position":2,"name":"Yhteystiedot"}]}]}},"_links":{"self":[{"href":"http:\/\/www.chrisk.fi\/index.php\/wp-json\/wp\/v2\/pages\/196"}],"collection":[{"href":"http:\/\/www.chrisk.fi\/index.php\/wp-json\/wp\/v2\/pages"}],"about":[{"href":"http:\/\/www.chrisk.fi\/index.php\/wp-json\/wp\/v2\/types\/page"}],"author":[{"embeddable":true,"href":"http:\/\/www.chrisk.fi\/index.php\/wp-json\/wp\/v2\/users\/1"}],"replies":[{"embeddable":true,"href":"http:\/\/www.chrisk.fi\/index.php\/wp-json\/wp\/v2\/comments?post=196"}],"version-history":[{"count":13,"href":"http:\/\/www.chrisk.fi\/index.php\/wp-json\/wp\/v2\/pages\/196\/revisions"}],"predecessor-version":[{"id":1133,"href":"http:\/\/www.chrisk.fi\/index.php\/wp-json\/wp\/v2\/pages\/196\/revisions\/1133"}],"wp:attachment":[{"href":"http:\/\/www.chrisk.fi\/index.php\/wp-json\/wp\/v2\/media?parent=196"}],"curies":[{"name":"wp","href":"https:\/\/api.w.org\/{rel}","templated":true}]}}